{"id":107,"date":"2022-01-20T15:41:26","date_gmt":"2022-01-20T14:41:26","guid":{"rendered":"https:\/\/www.photo-learn.com\/?page_id=107"},"modified":"2023-04-22T15:13:33","modified_gmt":"2023-04-22T13:13:33","slug":"apprendre-la-photo-en-studio-ou-en-e-learning","status":"publish","type":"page","link":"https:\/\/www.photo-learn.com\/","title":{"rendered":"Cours de photo \u00e0 Paris, en studio ou en e-learning"},"content":{"rendered":"\n<p class=\"has-text-align-center\">Prochain cours: <strong>Cours de photographie en studio<\/strong> (ma\u00eetriser la profondeur de champ) le 25 avril 2023 \u00e0 <strong><a href=\"https:\/\/www.photo-learn.com\/index.php\/le-studio-photo\/\" title=\"\">Houilles<\/a><\/strong> (15 minutes de <strong>Paris<\/strong>)<\/p>\n\n\n\n<p class=\"has-text-align-center\"><a href=\"https:\/\/www.photo-learn.com\/index.php\/produit\/module-2-la-profondeur-de-champ-en-studio-01\/\" title=\"\">En savoir plus<\/a><\/p>\n\n\n\n<div style=\"height:45px\" aria-hidden=\"true\" class=\"wp-block-spacer\"><\/div>\n\n\n\n<h2 class=\"wp-block-heading\"><a href=\"https:\/\/www.photo-learn.com\/index.php\/cours-de-photographie-a-paris\/\" data-type=\"page\" data-id=\"237\">Cours de photographie \u00e0 Paris<\/a><\/h2>\n\n\n\n<p>Accompagn\u00e9 d&rsquo;un <strong>professeur<\/strong>, vous apprendrez \u00e0 utiliser votre appareil <strong>photo<\/strong> dans diff\u00e9rents modes (dont le mode manuel) afin d&rsquo;obtenir un rendu personnalis\u00e9 de vos images. D\u00e9di\u00e9s aux <strong>d\u00e9butants<\/strong> ces <strong>cours<\/strong> ont lieu \u00e0 <strong>Paris<\/strong> en petit comit\u00e9 afin de garantir la qualit\u00e9 de l&rsquo;enseignement. <\/p>\n\n\n\n<p><a href=\"https:\/\/www.photo-learn.com\/index.php\/cours-de-photographie-a-paris\/#cours-photo-debutant\" target=\"_blank\" rel=\"noopener\" title=\"\">Module 1: d\u00e9buter la photographie<\/a><\/p>\n\n\n\n<p>Photo-learn vous propose un premier module permettant de s\u2019exercer et d&rsquo;<strong>apprendre<\/strong> \u00e0 r\u00e9ussir ses <strong>photos<\/strong> en int\u00e9rieur et sans flash. Dans le cadre exceptionnel offert par le Petit Palais vous pratiquerez la <strong>photographie<\/strong> autour de diff\u00e9rents ateliers. Le but de ce cours est de comprendre le fonctionnement d&rsquo;un <strong>appareil photo<\/strong> et des <strong>r\u00e9glages<\/strong> qui s&rsquo;y rapportent.<\/p>\n\n\n\n<p><a href=\"https:\/\/www.photo-learn.com\/index.php\/cours-de-photographie-a-paris\/#cours-photo-nuit\" target=\"_blank\" rel=\"noopener\" title=\"\">Module 2: r\u00e9ussir ses photos de nuit<\/a><\/p>\n\n\n\n<p>Ce <strong>cours de photographie<\/strong> permet d&rsquo;acqu\u00e9rir les techniques pour r\u00e9ussir ses <strong>photos de nuit<\/strong> en ext\u00e9rieur avec l&rsquo;\u00e9clairage urbain. Avec le Louvre comme sujet, un professeur vous accompagne afin de r\u00e9aliser des photos nocturnes.<\/p>\n\n\n<div class=\"wp-block-image\">\n<figure class=\"aligncenter size-large\"><img loading=\"lazy\" decoding=\"async\" width=\"1024\" height=\"320\" src=\"https:\/\/www.photo-learn.com\/wp-content\/uploads\/2022\/08\/cours-photographie-paris-debutant-1024x320.jpg\" alt=\"\" class=\"wp-image-287\" srcset=\"https:\/\/www.photo-learn.com\/wp-content\/uploads\/2022\/08\/cours-photographie-paris-debutant-1024x320.jpg 1024w, https:\/\/www.photo-learn.com\/wp-content\/uploads\/2022\/08\/cours-photographie-paris-debutant-300x94.jpg 300w, https:\/\/www.photo-learn.com\/wp-content\/uploads\/2022\/08\/cours-photographie-paris-debutant-768x240.jpg 768w, https:\/\/www.photo-learn.com\/wp-content\/uploads\/2022\/08\/cours-photographie-paris-debutant-1536x480.jpg 1536w, https:\/\/www.photo-learn.com\/wp-content\/uploads\/2022\/08\/cours-photographie-paris-debutant-600x188.jpg 600w, https:\/\/www.photo-learn.com\/wp-content\/uploads\/2022\/08\/cours-photographie-paris-debutant.jpg 1920w\" sizes=\"auto, (max-width: 1024px) 100vw, 1024px\" \/><\/figure>\n<\/div>\n\n\n<div class=\"wp-block-buttons is-content-justification-center is-layout-flex wp-container-core-buttons-is-layout-16018d1d wp-block-buttons-is-layout-flex\">\n<div class=\"wp-block-button\"><a class=\"wp-block-button__link has-background wp-element-button\" href=\"https:\/\/www.photo-learn.com\/index.php\/cours-de-photographie-a-paris\/\" style=\"border-radius:20px;background-color:#f08e2d\" target=\"_blank\" rel=\"noreferrer noopener\">Voir les <strong>cours de Photographie<\/strong> propos\u00e9s <strong>\u00e0 Paris<\/strong> <\/a><\/div>\n<\/div>\n\n\n\n<div style=\"height:70px\" aria-hidden=\"true\" class=\"wp-block-spacer\"><\/div>\n\n\n\n<h3 class=\"wp-block-heading\">Stage de retouche photo \u00e0 Paris<\/h3>\n\n\n\n<p>Ce stage \u00e0 pour objectif l&rsquo;apprentissage des bases de la retouches photos \u00e0 travers plusieurs exercices permettant de mettre en pratique la th\u00e9orie qui sera enseign\u00e9e durant le stage. <\/p>\n\n\n\n<div class=\"wp-block-buttons is-content-justification-center is-layout-flex wp-container-core-buttons-is-layout-16018d1d wp-block-buttons-is-layout-flex\">\n<div class=\"wp-block-button\"><a class=\"wp-block-button__link has-background wp-element-button\" href=\"https:\/\/www.photo-learn.com\/index.php\/stage-de-retouche-photo-a-paris\/\" style=\"border-radius:20px;background-color:#f08e2d\" target=\"_blank\" rel=\"noreferrer noopener\">Voir les <strong>Stages de retouche photo<\/strong> propos\u00e9s <strong>\u00e0 Paris<\/strong> <\/a><\/div>\n<\/div>\n\n\n\n<div style=\"height:65px\" aria-hidden=\"true\" class=\"wp-block-spacer\"><\/div>\n\n\n\n<h3 class=\"wp-block-heading\"><a href=\"https:\/\/www.photo-learn.com\/index.php\/cours-de-photographie-particulier-a-domicile-paris\/\" title=\"Cours de Photographie particulier \u00e0 domicile (Paris)\">Cours de photographie \u00e0 domicile (Paris)<\/a><\/h3>\n\n\n\n<p>Photo-Learn propose des <strong>cours particuliers de photo<\/strong> \u00e0 domicile pour les habitants de <strong>Paris<\/strong> et de la banlieue Ouest. Si vous souhaitez solliciter ce service vous pouvez nous contacter.<\/p>\n\n\n\n<div class=\"wp-block-buttons is-content-justification-center is-layout-flex wp-container-core-buttons-is-layout-16018d1d wp-block-buttons-is-layout-flex\">\n<div class=\"wp-block-button\"><a class=\"wp-block-button__link has-background wp-element-button\" href=\"https:\/\/www.photo-learn.com\/index.php\/cours-de-photographie-particulier-a-domicile-paris\/\" style=\"border-radius:20px;background-color:#f08e2d\" target=\"_blank\" rel=\"noreferrer noopener\">Voir les <strong>cours de photo<\/strong> \u00e0 domicile (<strong>Paris<\/strong>) <\/a><\/div>\n<\/div>\n\n\n\n<div style=\"height:65px\" aria-hidden=\"true\" class=\"wp-block-spacer\"><\/div>\n\n\n<h2><a href=\"https:\/\/www.photo-learn.com\/index.php\/cours-de-photo-a-houilles\/\">Cours de photographie en studio<\/a><\/h2>\n\n\n<p>Accompagn\u00e9 d&rsquo;un <strong>professeur<\/strong>, vous progressez au moyens de diff\u00e9rents modules incluant une partie th\u00e9orique et une partie travaux pratique pour vous exercer et perfectionner vos acquis.<\/p>\n\n\n\n<p><strong>Le studio photo<\/strong> se trouve \u00e0 l&rsquo;Ouest de <strong>Paris<\/strong>, situ\u00e9 \u00e0 <strong>Houilles<\/strong>, vous pouvez y acc\u00e9der par les transports ou en voiture. <\/p>\n\n\n\n<p><a href=\"https:\/\/www.photo-learn.com\/index.php\/le-studio-photo\/\" data-type=\"page\" data-id=\"130\" target=\"_blank\" rel=\"noreferrer noopener\">En savoir plus sur le studio<\/a><\/p>\n\n\n\n<div class=\"wp-block-columns is-layout-flex wp-container-core-columns-is-layout-9d6595d7 wp-block-columns-is-layout-flex\">\n<div class=\"wp-block-column is-layout-flow wp-block-column-is-layout-flow\" style=\"flex-basis:66.66%\">\n<figure class=\"wp-block-image size-large is-resized\"><img loading=\"lazy\" decoding=\"async\" src=\"https:\/\/www.photo-learn.com\/wp-content\/uploads\/2021\/02\/cours-photo-en-ligne-1024x695.jpg\" alt=\"\" class=\"wp-image-38\" width=\"850\" height=\"545\"\/><\/figure>\n<\/div>\n\n\n\n<div class=\"wp-block-column is-layout-flow wp-block-column-is-layout-flow\" style=\"flex-basis:49%\">\n<figure class=\"wp-block-image size-large\"><img loading=\"lazy\" decoding=\"async\" width=\"1024\" height=\"938\" src=\"https:\/\/www.photo-learn.com\/wp-content\/uploads\/2022\/01\/cours-photo-paris-1024x938.jpg\" alt=\"\" class=\"wp-image-105\" srcset=\"https:\/\/www.photo-learn.com\/wp-content\/uploads\/2022\/01\/cours-photo-paris-1024x938.jpg 1024w, https:\/\/www.photo-learn.com\/wp-content\/uploads\/2022\/01\/cours-photo-paris-300x275.jpg 300w, https:\/\/www.photo-learn.com\/wp-content\/uploads\/2022\/01\/cours-photo-paris-768x704.jpg 768w, https:\/\/www.photo-learn.com\/wp-content\/uploads\/2022\/01\/cours-photo-paris-1536x1408.jpg 1536w, https:\/\/www.photo-learn.com\/wp-content\/uploads\/2022\/01\/cours-photo-paris-600x550.jpg 600w, https:\/\/www.photo-learn.com\/wp-content\/uploads\/2022\/01\/cours-photo-paris.jpg 1950w\" sizes=\"auto, (max-width: 1024px) 100vw, 1024px\" \/><\/figure>\n<\/div>\n<\/div>\n\n\n\n<div class=\"wp-block-buttons is-content-justification-center is-layout-flex wp-container-core-buttons-is-layout-16018d1d wp-block-buttons-is-layout-flex\">\n<div class=\"wp-block-button\"><a class=\"wp-block-button__link has-background wp-element-button\" href=\"https:\/\/www.photo-learn.com\/index.php\/modules-apprendre-la-photo-en-studio\/\" style=\"border-radius:20px;background-color:#f08e2d\" target=\"_blank\" rel=\"noreferrer noopener\">Voir les <strong>cours de Photographie<\/strong> propos\u00e9s <strong>en studio<\/strong> <\/a><\/div>\n<\/div>\n\n\n\n<div style=\"height:40px\" aria-hidden=\"true\" class=\"wp-block-spacer\"><\/div>\n\n\n\n<h3 class=\"wp-block-heading\">Cours de photographie en ligne<\/h3>\n\n\n\n<p>Photo-Learn propose des <strong>cours de photo en ligne<\/strong> sous forme de travaux pratique en <strong>visio<\/strong>.<\/p>\n\n\n\n<div style=\"height:80px\" aria-hidden=\"true\" class=\"wp-block-spacer\"><\/div>\n\n\n\n<p class=\"has-text-align-center\">Suivez nos \u00e9v\u00e8nements et <strong>cours de photographie<\/strong> sur <a rel=\"noreferrer noopener\" href=\"https:\/\/www.facebook.com\/Studio-photo-learn-104952388785865\" target=\"_blank\">notre page Facebook <\/a><\/p>\n","protected":false},"excerpt":{"rendered":"<p>Prochain cours: Cours de photographie en studio (ma\u00eetriser la profondeur de champ) le 25 avril 2023 \u00e0 Houilles (15 minutes de Paris) En savoir plus Cours de photographie \u00e0 Paris Accompagn\u00e9 d&rsquo;un professeur, vous apprendrez \u00e0 utiliser votre appareil photo dans diff\u00e9rents modes (dont le mode manuel) afin d&rsquo;obtenir un rendu personnalis\u00e9 de vos images. [&hellip;]<\/p>\n","protected":false},"author":1,"featured_media":0,"parent":0,"menu_order":0,"comment_status":"closed","ping_status":"closed","template":"","meta":{"ocean_post_layout":"","ocean_both_sidebars_style":"","ocean_both_sidebars_content_width":0,"ocean_both_sidebars_sidebars_width":0,"ocean_sidebar":"0","ocean_second_sidebar":"0","ocean_disable_margins":"enable","ocean_add_body_class":"","ocean_shortcode_before_top_bar":"","ocean_shortcode_after_top_bar":"","ocean_shortcode_before_header":"","ocean_shortcode_after_header":"","ocean_has_shortcode":"","ocean_shortcode_after_title":"","ocean_shortcode_before_footer_widgets":"","ocean_shortcode_after_footer_widgets":"","ocean_shortcode_before_footer_bottom":"","ocean_shortcode_after_footer_bottom":"","ocean_display_top_bar":"default","ocean_display_header":"default","ocean_header_style":"","ocean_center_header_left_menu":"0","ocean_custom_header_template":"0","ocean_custom_logo":0,"ocean_custom_retina_logo":0,"ocean_custom_logo_max_width":0,"ocean_custom_logo_tablet_max_width":0,"ocean_custom_logo_mobile_max_width":0,"ocean_custom_logo_max_height":0,"ocean_custom_logo_tablet_max_height":0,"ocean_custom_logo_mobile_max_height":0,"ocean_header_custom_menu":"0","ocean_menu_typo_font_family":"0","ocean_menu_typo_font_subset":"","ocean_menu_typo_font_size":0,"ocean_menu_typo_font_size_tablet":0,"ocean_menu_typo_font_size_mobile":0,"ocean_menu_typo_font_size_unit":"px","ocean_menu_typo_font_weight":"","ocean_menu_typo_font_weight_tablet":"","ocean_menu_typo_font_weight_mobile":"","ocean_menu_typo_transform":"","ocean_menu_typo_transform_tablet":"","ocean_menu_typo_transform_mobile":"","ocean_menu_typo_line_height":0,"ocean_menu_typo_line_height_tablet":0,"ocean_menu_typo_line_height_mobile":0,"ocean_menu_typo_line_height_unit":"","ocean_menu_typo_spacing":0,"ocean_menu_typo_spacing_tablet":0,"ocean_menu_typo_spacing_mobile":0,"ocean_menu_typo_spacing_unit":"","ocean_menu_link_color":"","ocean_menu_link_color_hover":"","ocean_menu_link_color_active":"","ocean_menu_link_background":"","ocean_menu_link_hover_background":"","ocean_menu_link_active_background":"","ocean_menu_social_links_bg":"","ocean_menu_social_hover_links_bg":"","ocean_menu_social_links_color":"","ocean_menu_social_hover_links_color":"","ocean_disable_title":"default","ocean_disable_heading":"default","ocean_post_title":"","ocean_post_subheading":"","ocean_post_title_style":"","ocean_post_title_background_color":"","ocean_post_title_background":0,"ocean_post_title_bg_image_position":"","ocean_post_title_bg_image_attachment":"","ocean_post_title_bg_image_repeat":"","ocean_post_title_bg_image_size":"","ocean_post_title_height":0,"ocean_post_title_bg_overlay":0.5,"ocean_post_title_bg_overlay_color":"","ocean_disable_breadcrumbs":"default","ocean_breadcrumbs_color":"","ocean_breadcrumbs_separator_color":"","ocean_breadcrumbs_links_color":"","ocean_breadcrumbs_links_hover_color":"","ocean_display_footer_widgets":"default","ocean_display_footer_bottom":"default","ocean_custom_footer_template":"0","footnotes":""},"class_list":["post-107","page","type-page","status-publish","hentry","entry","owp-thumbs-layout-horizontal","owp-btn-normal","owp-tabs-layout-horizontal","has-no-thumbnails","has-product-nav"],"aioseo_notices":[],"yoast_head":"<!-- This site is optimized with the Yoast SEO plugin v27.3 - https:\/\/yoast.com\/product\/yoast-seo-wordpress\/ -->\n<title>Cours de photo \u00e0 Paris, en studio ou en e-learning - Cours photo \u00e0 Paris<\/title>\n<meta name=\"description\" content=\"Prochain cours: Cours de photographie en studio (ma\u00eetriser la profondeur de champ) le 25 avril 2023 \u00e0 Houilles (15 minutes de Paris) En savoir plus Cours de photographie \u00e0 Paris Accompagn\u00e9 d&rsquo;un professeur, vous apprendrez \u00e0 utiliser votre appareil photo dans diff\u00e9rents modes (dont le mode manuel) afin d&rsquo;obtenir un rendu personnalis\u00e9 de vos images. [&hellip;]\" \/>\n<meta name=\"robots\" content=\"index, follow, max-snippet:-1, max-image-preview:large, max-video-preview:-1\" \/>\n<link rel=\"canonical\" href=\"https:\/\/www.photo-learn.com\/\" \/>\n<meta property=\"og:locale\" content=\"fr_FR\" \/>\n<meta property=\"og:type\" content=\"article\" \/>\n<meta property=\"og:title\" content=\"Cours de photo \u00e0 Paris, en studio ou en e-learning - Cours photo \u00e0 Paris\" \/>\n<meta property=\"og:description\" content=\"Prochain cours: Cours de photographie en studio (ma\u00eetriser la profondeur de champ) le 25 avril 2023 \u00e0 Houilles (15 minutes de Paris) En savoir plus Cours de photographie \u00e0 Paris Accompagn\u00e9 d&rsquo;un professeur, vous apprendrez \u00e0 utiliser votre appareil photo dans diff\u00e9rents modes (dont le mode manuel) afin d&rsquo;obtenir un rendu personnalis\u00e9 de vos images. [&hellip;]\" \/>\n<meta property=\"og:url\" content=\"https:\/\/www.photo-learn.com\/\" \/>\n<meta property=\"og:site_name\" content=\"Cours photo \u00e0 Paris\" \/>\n<meta property=\"article:modified_time\" content=\"2023-04-22T13:13:33+00:00\" \/>\n<meta property=\"og:image\" content=\"https:\/\/www.photo-learn.com\/wp-content\/uploads\/2022\/08\/cours-photographie-paris-debutant.jpg\" \/>\n\t<meta property=\"og:image:width\" content=\"1920\" \/>\n\t<meta property=\"og:image:height\" content=\"600\" \/>\n\t<meta property=\"og:image:type\" content=\"image\/jpeg\" \/>\n<meta name=\"twitter:card\" content=\"summary_large_image\" \/>\n<meta name=\"twitter:label1\" content=\"Dur\u00e9e de lecture estim\u00e9e\" \/>\n\t<meta name=\"twitter:data1\" content=\"2 minutes\" \/>\n<script type=\"application\/ld+json\" class=\"yoast-schema-graph\">{\"@context\":\"https:\\\/\\\/schema.org\",\"@graph\":[{\"@type\":\"WebPage\",\"@id\":\"https:\\\/\\\/www.photo-learn.com\\\/\",\"url\":\"https:\\\/\\\/www.photo-learn.com\\\/\",\"name\":\"Cours de photo \u00e0 Paris, en studio ou en e-learning - Cours photo \u00e0 Paris\",\"isPartOf\":{\"@id\":\"https:\\\/\\\/www.photo-learn.com\\\/#website\"},\"primaryImageOfPage\":{\"@id\":\"https:\\\/\\\/www.photo-learn.com\\\/#primaryimage\"},\"image\":{\"@id\":\"https:\\\/\\\/www.photo-learn.com\\\/#primaryimage\"},\"thumbnailUrl\":\"https:\\\/\\\/www.photo-learn.com\\\/wp-content\\\/uploads\\\/2022\\\/08\\\/cours-photographie-paris-debutant-1024x320.jpg\",\"datePublished\":\"2022-01-20T14:41:26+00:00\",\"dateModified\":\"2023-04-22T13:13:33+00:00\",\"breadcrumb\":{\"@id\":\"https:\\\/\\\/www.photo-learn.com\\\/#breadcrumb\"},\"inLanguage\":\"fr-FR\",\"potentialAction\":[{\"@type\":\"ReadAction\",\"target\":[\"https:\\\/\\\/www.photo-learn.com\\\/\"]}]},{\"@type\":\"ImageObject\",\"inLanguage\":\"fr-FR\",\"@id\":\"https:\\\/\\\/www.photo-learn.com\\\/#primaryimage\",\"url\":\"https:\\\/\\\/www.photo-learn.com\\\/wp-content\\\/uploads\\\/2022\\\/08\\\/cours-photographie-paris-debutant.jpg\",\"contentUrl\":\"https:\\\/\\\/www.photo-learn.com\\\/wp-content\\\/uploads\\\/2022\\\/08\\\/cours-photographie-paris-debutant.jpg\",\"width\":1920,\"height\":600,\"caption\":\"Created with GIMP\"},{\"@type\":\"BreadcrumbList\",\"@id\":\"https:\\\/\\\/www.photo-learn.com\\\/#breadcrumb\",\"itemListElement\":[{\"@type\":\"ListItem\",\"position\":1,\"name\":\"Accueil\",\"item\":\"https:\\\/\\\/www.photo-learn.com\\\/\"},{\"@type\":\"ListItem\",\"position\":2,\"name\":\"Cours de photo \u00e0 Paris, en studio ou en e-learning\"}]},{\"@type\":\"WebSite\",\"@id\":\"https:\\\/\\\/www.photo-learn.com\\\/#website\",\"url\":\"https:\\\/\\\/www.photo-learn.com\\\/\",\"name\":\"Cours photo \u00e0 Paris\",\"description\":\"apprentissage de la photo - ateliers pratiques \u00e0 Paris, en studio et en visio\",\"potentialAction\":[{\"@type\":\"SearchAction\",\"target\":{\"@type\":\"EntryPoint\",\"urlTemplate\":\"https:\\\/\\\/www.photo-learn.com\\\/?s={search_term_string}\"},\"query-input\":{\"@type\":\"PropertyValueSpecification\",\"valueRequired\":true,\"valueName\":\"search_term_string\"}}],\"inLanguage\":\"fr-FR\"}]}<\/script>\n<!-- \/ Yoast SEO plugin. -->","yoast_head_json":{"title":"Cours de photo \u00e0 Paris, en studio ou en e-learning - Cours photo \u00e0 Paris","description":"Prochain cours: Cours de photographie en studio (ma\u00eetriser la profondeur de champ) le 25 avril 2023 \u00e0 Houilles (15 minutes de Paris) En savoir plus Cours de photographie \u00e0 Paris Accompagn\u00e9 d&rsquo;un professeur, vous apprendrez \u00e0 utiliser votre appareil photo dans diff\u00e9rents modes (dont le mode manuel) afin d&rsquo;obtenir un rendu personnalis\u00e9 de vos images. [&hellip;]","robots":{"index":"index","follow":"follow","max-snippet":"max-snippet:-1","max-image-preview":"max-image-preview:large","max-video-preview":"max-video-preview:-1"},"canonical":"https:\/\/www.photo-learn.com\/","og_locale":"fr_FR","og_type":"article","og_title":"Cours de photo \u00e0 Paris, en studio ou en e-learning - Cours photo \u00e0 Paris","og_description":"Prochain cours: Cours de photographie en studio (ma\u00eetriser la profondeur de champ) le 25 avril 2023 \u00e0 Houilles (15 minutes de Paris) En savoir plus Cours de photographie \u00e0 Paris Accompagn\u00e9 d&rsquo;un professeur, vous apprendrez \u00e0 utiliser votre appareil photo dans diff\u00e9rents modes (dont le mode manuel) afin d&rsquo;obtenir un rendu personnalis\u00e9 de vos images. [&hellip;]","og_url":"https:\/\/www.photo-learn.com\/","og_site_name":"Cours photo \u00e0 Paris","article_modified_time":"2023-04-22T13:13:33+00:00","og_image":[{"width":1920,"height":600,"url":"https:\/\/www.photo-learn.com\/wp-content\/uploads\/2022\/08\/cours-photographie-paris-debutant.jpg","type":"image\/jpeg"}],"twitter_card":"summary_large_image","twitter_misc":{"Dur\u00e9e de lecture estim\u00e9e":"2 minutes"},"schema":{"@context":"https:\/\/schema.org","@graph":[{"@type":"WebPage","@id":"https:\/\/www.photo-learn.com\/","url":"https:\/\/www.photo-learn.com\/","name":"Cours de photo \u00e0 Paris, en studio ou en e-learning - Cours photo \u00e0 Paris","isPartOf":{"@id":"https:\/\/www.photo-learn.com\/#website"},"primaryImageOfPage":{"@id":"https:\/\/www.photo-learn.com\/#primaryimage"},"image":{"@id":"https:\/\/www.photo-learn.com\/#primaryimage"},"thumbnailUrl":"https:\/\/www.photo-learn.com\/wp-content\/uploads\/2022\/08\/cours-photographie-paris-debutant-1024x320.jpg","datePublished":"2022-01-20T14:41:26+00:00","dateModified":"2023-04-22T13:13:33+00:00","breadcrumb":{"@id":"https:\/\/www.photo-learn.com\/#breadcrumb"},"inLanguage":"fr-FR","potentialAction":[{"@type":"ReadAction","target":["https:\/\/www.photo-learn.com\/"]}]},{"@type":"ImageObject","inLanguage":"fr-FR","@id":"https:\/\/www.photo-learn.com\/#primaryimage","url":"https:\/\/www.photo-learn.com\/wp-content\/uploads\/2022\/08\/cours-photographie-paris-debutant.jpg","contentUrl":"https:\/\/www.photo-learn.com\/wp-content\/uploads\/2022\/08\/cours-photographie-paris-debutant.jpg","width":1920,"height":600,"caption":"Created with GIMP"},{"@type":"BreadcrumbList","@id":"https:\/\/www.photo-learn.com\/#breadcrumb","itemListElement":[{"@type":"ListItem","position":1,"name":"Accueil","item":"https:\/\/www.photo-learn.com\/"},{"@type":"ListItem","position":2,"name":"Cours de photo \u00e0 Paris, en studio ou en e-learning"}]},{"@type":"WebSite","@id":"https:\/\/www.photo-learn.com\/#website","url":"https:\/\/www.photo-learn.com\/","name":"Cours photo \u00e0 Paris","description":"apprentissage de la photo - ateliers pratiques \u00e0 Paris, en studio et en visio","potentialAction":[{"@type":"SearchAction","target":{"@type":"EntryPoint","urlTemplate":"https:\/\/www.photo-learn.com\/?s={search_term_string}"},"query-input":{"@type":"PropertyValueSpecification","valueRequired":true,"valueName":"search_term_string"}}],"inLanguage":"fr-FR"}]}},"_links":{"self":[{"href":"https:\/\/www.photo-learn.com\/index.php\/wp-json\/wp\/v2\/pages\/107","targetHints":{"allow":["GET"]}}],"collection":[{"href":"https:\/\/www.photo-learn.com\/index.php\/wp-json\/wp\/v2\/pages"}],"about":[{"href":"https:\/\/www.photo-learn.com\/index.php\/wp-json\/wp\/v2\/types\/page"}],"author":[{"embeddable":true,"href":"https:\/\/www.photo-learn.com\/index.php\/wp-json\/wp\/v2\/users\/1"}],"replies":[{"embeddable":true,"href":"https:\/\/www.photo-learn.com\/index.php\/wp-json\/wp\/v2\/comments?post=107"}],"version-history":[{"count":61,"href":"https:\/\/www.photo-learn.com\/index.php\/wp-json\/wp\/v2\/pages\/107\/revisions"}],"predecessor-version":[{"id":607,"href":"https:\/\/www.photo-learn.com\/index.php\/wp-json\/wp\/v2\/pages\/107\/revisions\/607"}],"wp:attachment":[{"href":"https:\/\/www.photo-learn.com\/index.php\/wp-json\/wp\/v2\/media?parent=107"}],"curies":[{"name":"wp","href":"https:\/\/api.w.org\/{rel}","templated":true}]}}