{"id":425,"date":"2022-11-17T00:08:17","date_gmt":"2022-11-16T23:08:17","guid":{"rendered":"https:\/\/www.photo-learn.com\/?page_id=425"},"modified":"2022-11-24T20:07:09","modified_gmt":"2022-11-24T19:07:09","slug":"stage-de-retouche-photo-a-paris","status":"publish","type":"page","link":"https:\/\/www.photo-learn.com\/index.php\/stage-de-retouche-photo-a-paris\/","title":{"rendered":"Stage de retouche photo \u00e0 Paris"},"content":{"rendered":"\n<p>Le stage retouche photo niveau d\u00e9butant se compose en plusieurs ateliers ayant pour but d\u2019acqu\u00e9rir les connaissances de base de la retouche num\u00e9rique.<\/p>\n\n\n\n<p>Accompagn\u00e9 d&rsquo;un professeur dipl\u00f4m\u00e9 vous apprendrez les notions importantes en photographie:<\/p>\n\n\n\n<p>-Etude de la colorim\u00e9trie (connaissance des param\u00e8tres li\u00e9s \u00e0 la couleur).<\/p>\n\n\n\n<p>-Correction de l&rsquo;exposition d&rsquo;une photo (avec subtilit\u00e9 autrement que les simples r\u00e9glages luminosit\u00e9\/contraste)<\/p>\n\n\n\n<p>-R\u00e9alisation d&rsquo;un montage qui sera l&rsquo;occasion de comprendre le syst\u00e8me de calques et des outils de s\u00e9lection.<\/p>\n\n\n\n<p>Stage limit\u00e9 \u00e0 4 participants.<\/p>\n\n\n\n<p class=\"has-luminous-vivid-orange-color has-text-color\">Prochaine \u00e9dition: 30-11-22<\/p>\n\n\n\n<div class=\"wp-block-buttons is-content-justification-center is-layout-flex wp-container-core-buttons-is-layout-16018d1d wp-block-buttons-is-layout-flex\">\n<div class=\"wp-block-button is-style-fill\"><a class=\"wp-block-button__link has-white-color has-luminous-vivid-orange-background-color has-text-color has-background\" href=\"https:\/\/www.photo-learn.com\/index.php\/produit\/stage-retouche-photo-debutant\/\">Infos et inscription<\/a><\/div>\n<\/div>\n\n\n<div class=\"wp-block-image\">\n<figure class=\"aligncenter size-full\"><img loading=\"lazy\" decoding=\"async\" width=\"861\" height=\"676\" src=\"https:\/\/www.photo-learn.com\/wp-content\/uploads\/2022\/11\/cours-retouche-photo-visio.jpg\" alt=\"\" class=\"wp-image-428\" srcset=\"https:\/\/www.photo-learn.com\/wp-content\/uploads\/2022\/11\/cours-retouche-photo-visio.jpg 861w, https:\/\/www.photo-learn.com\/wp-content\/uploads\/2022\/11\/cours-retouche-photo-visio-300x236.jpg 300w, https:\/\/www.photo-learn.com\/wp-content\/uploads\/2022\/11\/cours-retouche-photo-visio-768x603.jpg 768w, https:\/\/www.photo-learn.com\/wp-content\/uploads\/2022\/11\/cours-retouche-photo-visio-600x471.jpg 600w\" sizes=\"auto, (max-width: 861px) 100vw, 861px\" \/><\/figure>\n<\/div>\n\n\n<p>Le professeur s&rsquo;appuiera sur <a href=\"https:\/\/www.photo-learn.com\/index.php\/gimp-un-logiciel-de-retouche-photo-numerique-gratuit-et-complet\/\" target=\"_blank\" rel=\"noreferrer noopener\">le logiciel gratuit <strong>Gimp<\/strong><\/a>, les utilisateurs de <strong>Photoshop<\/strong> seront \u00e9galement pris en charge (les menus et outils correspondant seront indiqu\u00e9s)<\/p>\n\n\n\n<figure class=\"wp-block-image size-full\"><img loading=\"lazy\" decoding=\"async\" width=\"997\" height=\"363\" src=\"https:\/\/www.photo-learn.com\/wp-content\/uploads\/2022\/11\/cours-retouche-photo-e-learning.jpg\" alt=\"\" class=\"wp-image-429\" srcset=\"https:\/\/www.photo-learn.com\/wp-content\/uploads\/2022\/11\/cours-retouche-photo-e-learning.jpg 997w, https:\/\/www.photo-learn.com\/wp-content\/uploads\/2022\/11\/cours-retouche-photo-e-learning-300x109.jpg 300w, https:\/\/www.photo-learn.com\/wp-content\/uploads\/2022\/11\/cours-retouche-photo-e-learning-768x280.jpg 768w, https:\/\/www.photo-learn.com\/wp-content\/uploads\/2022\/11\/cours-retouche-photo-e-learning-600x218.jpg 600w\" sizes=\"auto, (max-width: 997px) 100vw, 997px\" \/><\/figure>\n\n\n\n<p>Les <strong>cours de retouche photo<\/strong> ont lieu \u00e0 <strong>Paris<\/strong> dans l&rsquo;espace de co-working du cin\u00e9ma MK2 de la BNF<\/p>\n\n\n\n<p>Adresse: 128 &#8211; 162 Av. de France, 75013 <strong>Paris<\/strong><\/p>\n\n\n\n<div class=\"wp-block-columns is-layout-flex wp-container-core-columns-is-layout-9d6595d7 wp-block-columns-is-layout-flex\">\n<div class=\"wp-block-column is-layout-flow wp-block-column-is-layout-flow\">\n<figure class=\"wp-block-image size-large\"><img loading=\"lazy\" decoding=\"async\" width=\"1024\" height=\"623\" src=\"https:\/\/www.photo-learn.com\/wp-content\/uploads\/2022\/11\/cours-retouche-photographie-paris-1024x623.jpg\" alt=\"\" class=\"wp-image-453\" srcset=\"https:\/\/www.photo-learn.com\/wp-content\/uploads\/2022\/11\/cours-retouche-photographie-paris-1024x623.jpg 1024w, https:\/\/www.photo-learn.com\/wp-content\/uploads\/2022\/11\/cours-retouche-photographie-paris-300x183.jpg 300w, https:\/\/www.photo-learn.com\/wp-content\/uploads\/2022\/11\/cours-retouche-photographie-paris-768x467.jpg 768w, https:\/\/www.photo-learn.com\/wp-content\/uploads\/2022\/11\/cours-retouche-photographie-paris-600x365.jpg 600w, https:\/\/www.photo-learn.com\/wp-content\/uploads\/2022\/11\/cours-retouche-photographie-paris.jpg 1150w\" sizes=\"auto, (max-width: 1024px) 100vw, 1024px\" \/><\/figure>\n<\/div>\n\n\n\n<div class=\"wp-block-column is-layout-flow wp-block-column-is-layout-flow\">\n<figure class=\"wp-block-image size-large\"><img loading=\"lazy\" decoding=\"async\" width=\"1024\" height=\"623\" src=\"https:\/\/www.photo-learn.com\/wp-content\/uploads\/2022\/11\/cours-de-retouche-photo-mk2-paris-13-1024x623.jpg\" alt=\"\" class=\"wp-image-454\" srcset=\"https:\/\/www.photo-learn.com\/wp-content\/uploads\/2022\/11\/cours-de-retouche-photo-mk2-paris-13-1024x623.jpg 1024w, https:\/\/www.photo-learn.com\/wp-content\/uploads\/2022\/11\/cours-de-retouche-photo-mk2-paris-13-300x183.jpg 300w, https:\/\/www.photo-learn.com\/wp-content\/uploads\/2022\/11\/cours-de-retouche-photo-mk2-paris-13-768x467.jpg 768w, https:\/\/www.photo-learn.com\/wp-content\/uploads\/2022\/11\/cours-de-retouche-photo-mk2-paris-13-600x365.jpg 600w, https:\/\/www.photo-learn.com\/wp-content\/uploads\/2022\/11\/cours-de-retouche-photo-mk2-paris-13.jpg 1150w\" sizes=\"auto, (max-width: 1024px) 100vw, 1024px\" \/><\/figure>\n<\/div>\n<\/div>\n","protected":false},"excerpt":{"rendered":"<p>Le stage retouche photo niveau d\u00e9butant se compose en plusieurs ateliers ayant pour but d\u2019acqu\u00e9rir les connaissances de base de la retouche num\u00e9rique. Accompagn\u00e9 d&rsquo;un professeur dipl\u00f4m\u00e9 vous apprendrez les notions importantes en photographie: -Etude de la colorim\u00e9trie (connaissance des param\u00e8tres li\u00e9s \u00e0 la couleur). -Correction de l&rsquo;exposition d&rsquo;une photo (avec subtilit\u00e9 autrement que les [&hellip;]<\/p>\n","protected":false},"author":1,"featured_media":0,"parent":0,"menu_order":0,"comment_status":"closed","ping_status":"closed","template":"","meta":{"ocean_post_layout":"","ocean_both_sidebars_style":"","ocean_both_sidebars_content_width":0,"ocean_both_sidebars_sidebars_width":0,"ocean_sidebar":"0","ocean_second_sidebar":"0","ocean_disable_margins":"enable","ocean_add_body_class":"","ocean_shortcode_before_top_bar":"","ocean_shortcode_after_top_bar":"","ocean_shortcode_before_header":"","ocean_shortcode_after_header":"","ocean_has_shortcode":"","ocean_shortcode_after_title":"","ocean_shortcode_before_footer_widgets":"","ocean_shortcode_after_footer_widgets":"","ocean_shortcode_before_footer_bottom":"","ocean_shortcode_after_footer_bottom":"","ocean_display_top_bar":"default","ocean_display_header":"default","ocean_header_style":"","ocean_center_header_left_menu":"0","ocean_custom_header_template":"0","ocean_custom_logo":0,"ocean_custom_retina_logo":0,"ocean_custom_logo_max_width":0,"ocean_custom_logo_tablet_max_width":0,"ocean_custom_logo_mobile_max_width":0,"ocean_custom_logo_max_height":0,"ocean_custom_logo_tablet_max_height":0,"ocean_custom_logo_mobile_max_height":0,"ocean_header_custom_menu":"0","ocean_menu_typo_font_family":"0","ocean_menu_typo_font_subset":"","ocean_menu_typo_font_size":0,"ocean_menu_typo_font_size_tablet":0,"ocean_menu_typo_font_size_mobile":0,"ocean_menu_typo_font_size_unit":"px","ocean_menu_typo_font_weight":"","ocean_menu_typo_font_weight_tablet":"","ocean_menu_typo_font_weight_mobile":"","ocean_menu_typo_transform":"","ocean_menu_typo_transform_tablet":"","ocean_menu_typo_transform_mobile":"","ocean_menu_typo_line_height":0,"ocean_menu_typo_line_height_tablet":0,"ocean_menu_typo_line_height_mobile":0,"ocean_menu_typo_line_height_unit":"","ocean_menu_typo_spacing":0,"ocean_menu_typo_spacing_tablet":0,"ocean_menu_typo_spacing_mobile":0,"ocean_menu_typo_spacing_unit":"","ocean_menu_link_color":"","ocean_menu_link_color_hover":"","ocean_menu_link_color_active":"","ocean_menu_link_background":"","ocean_menu_link_hover_background":"","ocean_menu_link_active_background":"","ocean_menu_social_links_bg":"","ocean_menu_social_hover_links_bg":"","ocean_menu_social_links_color":"","ocean_menu_social_hover_links_color":"","ocean_disable_title":"default","ocean_disable_heading":"default","ocean_post_title":"","ocean_post_subheading":"","ocean_post_title_style":"","ocean_post_title_background_color":"","ocean_post_title_background":0,"ocean_post_title_bg_image_position":"","ocean_post_title_bg_image_attachment":"","ocean_post_title_bg_image_repeat":"","ocean_post_title_bg_image_size":"","ocean_post_title_height":0,"ocean_post_title_bg_overlay":0.5,"ocean_post_title_bg_overlay_color":"","ocean_disable_breadcrumbs":"default","ocean_breadcrumbs_color":"","ocean_breadcrumbs_separator_color":"","ocean_breadcrumbs_links_color":"","ocean_breadcrumbs_links_hover_color":"","ocean_display_footer_widgets":"default","ocean_display_footer_bottom":"default","ocean_custom_footer_template":"0","footnotes":""},"class_list":["post-425","page","type-page","status-publish","hentry","entry","owp-thumbs-layout-horizontal","owp-btn-normal","owp-tabs-layout-horizontal","has-no-thumbnails","has-product-nav"],"aioseo_notices":[],"yoast_head":"<!-- This site is optimized with the Yoast SEO plugin v27.3 - https:\/\/yoast.com\/product\/yoast-seo-wordpress\/ -->\n<title>Stage de retouche photo \u00e0 Paris - Cours photo \u00e0 Paris<\/title>\n<meta name=\"description\" content=\"Le stage retouche photo niveau d\u00e9butant se compose en plusieurs ateliers ayant pour but d\u2019acqu\u00e9rir les connaissances de base de la retouche num\u00e9rique. Accompagn\u00e9 d&rsquo;un professeur dipl\u00f4m\u00e9 vous apprendrez les notions importantes en photographie: -Etude de la colorim\u00e9trie (connaissance des param\u00e8tres li\u00e9s \u00e0 la couleur). -Correction de l&rsquo;exposition d&rsquo;une photo (avec subtilit\u00e9 autrement que les [&hellip;]\" \/>\n<meta name=\"robots\" content=\"index, follow, max-snippet:-1, max-image-preview:large, max-video-preview:-1\" \/>\n<link rel=\"canonical\" href=\"https:\/\/www.photo-learn.com\/index.php\/stage-de-retouche-photo-a-paris\/\" \/>\n<meta property=\"og:locale\" content=\"fr_FR\" \/>\n<meta property=\"og:type\" content=\"article\" \/>\n<meta property=\"og:title\" content=\"Stage de retouche photo \u00e0 Paris - Cours photo \u00e0 Paris\" \/>\n<meta property=\"og:description\" content=\"Le stage retouche photo niveau d\u00e9butant se compose en plusieurs ateliers ayant pour but d\u2019acqu\u00e9rir les connaissances de base de la retouche num\u00e9rique. Accompagn\u00e9 d&rsquo;un professeur dipl\u00f4m\u00e9 vous apprendrez les notions importantes en photographie: -Etude de la colorim\u00e9trie (connaissance des param\u00e8tres li\u00e9s \u00e0 la couleur). -Correction de l&rsquo;exposition d&rsquo;une photo (avec subtilit\u00e9 autrement que les [&hellip;]\" \/>\n<meta property=\"og:url\" content=\"https:\/\/www.photo-learn.com\/index.php\/stage-de-retouche-photo-a-paris\/\" \/>\n<meta property=\"og:site_name\" content=\"Cours photo \u00e0 Paris\" \/>\n<meta property=\"article:modified_time\" content=\"2022-11-24T19:07:09+00:00\" \/>\n<meta property=\"og:image\" content=\"https:\/\/www.photo-learn.com\/wp-content\/uploads\/2022\/11\/cours-retouche-photo-visio.jpg\" \/>\n\t<meta property=\"og:image:width\" content=\"861\" \/>\n\t<meta property=\"og:image:height\" content=\"676\" \/>\n\t<meta property=\"og:image:type\" content=\"image\/jpeg\" \/>\n<meta name=\"twitter:card\" content=\"summary_large_image\" \/>\n<meta name=\"twitter:label1\" content=\"Dur\u00e9e de lecture estim\u00e9e\" \/>\n\t<meta name=\"twitter:data1\" content=\"1 minute\" \/>\n<script type=\"application\/ld+json\" class=\"yoast-schema-graph\">{\"@context\":\"https:\\\/\\\/schema.org\",\"@graph\":[{\"@type\":\"WebPage\",\"@id\":\"https:\\\/\\\/www.photo-learn.com\\\/index.php\\\/stage-de-retouche-photo-a-paris\\\/\",\"url\":\"https:\\\/\\\/www.photo-learn.com\\\/index.php\\\/stage-de-retouche-photo-a-paris\\\/\",\"name\":\"Stage de retouche photo \u00e0 Paris - Cours photo \u00e0 Paris\",\"isPartOf\":{\"@id\":\"https:\\\/\\\/www.photo-learn.com\\\/#website\"},\"primaryImageOfPage\":{\"@id\":\"https:\\\/\\\/www.photo-learn.com\\\/index.php\\\/stage-de-retouche-photo-a-paris\\\/#primaryimage\"},\"image\":{\"@id\":\"https:\\\/\\\/www.photo-learn.com\\\/index.php\\\/stage-de-retouche-photo-a-paris\\\/#primaryimage\"},\"thumbnailUrl\":\"https:\\\/\\\/www.photo-learn.com\\\/wp-content\\\/uploads\\\/2022\\\/11\\\/cours-retouche-photo-visio.jpg\",\"datePublished\":\"2022-11-16T23:08:17+00:00\",\"dateModified\":\"2022-11-24T19:07:09+00:00\",\"breadcrumb\":{\"@id\":\"https:\\\/\\\/www.photo-learn.com\\\/index.php\\\/stage-de-retouche-photo-a-paris\\\/#breadcrumb\"},\"inLanguage\":\"fr-FR\",\"potentialAction\":[{\"@type\":\"ReadAction\",\"target\":[\"https:\\\/\\\/www.photo-learn.com\\\/index.php\\\/stage-de-retouche-photo-a-paris\\\/\"]}]},{\"@type\":\"ImageObject\",\"inLanguage\":\"fr-FR\",\"@id\":\"https:\\\/\\\/www.photo-learn.com\\\/index.php\\\/stage-de-retouche-photo-a-paris\\\/#primaryimage\",\"url\":\"https:\\\/\\\/www.photo-learn.com\\\/wp-content\\\/uploads\\\/2022\\\/11\\\/cours-retouche-photo-visio.jpg\",\"contentUrl\":\"https:\\\/\\\/www.photo-learn.com\\\/wp-content\\\/uploads\\\/2022\\\/11\\\/cours-retouche-photo-visio.jpg\",\"width\":861,\"height\":676},{\"@type\":\"BreadcrumbList\",\"@id\":\"https:\\\/\\\/www.photo-learn.com\\\/index.php\\\/stage-de-retouche-photo-a-paris\\\/#breadcrumb\",\"itemListElement\":[{\"@type\":\"ListItem\",\"position\":1,\"name\":\"Accueil\",\"item\":\"https:\\\/\\\/www.photo-learn.com\\\/\"},{\"@type\":\"ListItem\",\"position\":2,\"name\":\"Stage de retouche photo \u00e0 Paris\"}]},{\"@type\":\"WebSite\",\"@id\":\"https:\\\/\\\/www.photo-learn.com\\\/#website\",\"url\":\"https:\\\/\\\/www.photo-learn.com\\\/\",\"name\":\"Cours photo \u00e0 Paris\",\"description\":\"apprentissage de la photo - ateliers pratiques \u00e0 Paris, en studio et en visio\",\"potentialAction\":[{\"@type\":\"SearchAction\",\"target\":{\"@type\":\"EntryPoint\",\"urlTemplate\":\"https:\\\/\\\/www.photo-learn.com\\\/?s={search_term_string}\"},\"query-input\":{\"@type\":\"PropertyValueSpecification\",\"valueRequired\":true,\"valueName\":\"search_term_string\"}}],\"inLanguage\":\"fr-FR\"}]}<\/script>\n<!-- \/ Yoast SEO plugin. -->","yoast_head_json":{"title":"Stage de retouche photo \u00e0 Paris - Cours photo \u00e0 Paris","description":"Le stage retouche photo niveau d\u00e9butant se compose en plusieurs ateliers ayant pour but d\u2019acqu\u00e9rir les connaissances de base de la retouche num\u00e9rique. Accompagn\u00e9 d&rsquo;un professeur dipl\u00f4m\u00e9 vous apprendrez les notions importantes en photographie: -Etude de la colorim\u00e9trie (connaissance des param\u00e8tres li\u00e9s \u00e0 la couleur). -Correction de l&rsquo;exposition d&rsquo;une photo (avec subtilit\u00e9 autrement que les [&hellip;]","robots":{"index":"index","follow":"follow","max-snippet":"max-snippet:-1","max-image-preview":"max-image-preview:large","max-video-preview":"max-video-preview:-1"},"canonical":"https:\/\/www.photo-learn.com\/index.php\/stage-de-retouche-photo-a-paris\/","og_locale":"fr_FR","og_type":"article","og_title":"Stage de retouche photo \u00e0 Paris - Cours photo \u00e0 Paris","og_description":"Le stage retouche photo niveau d\u00e9butant se compose en plusieurs ateliers ayant pour but d\u2019acqu\u00e9rir les connaissances de base de la retouche num\u00e9rique. Accompagn\u00e9 d&rsquo;un professeur dipl\u00f4m\u00e9 vous apprendrez les notions importantes en photographie: -Etude de la colorim\u00e9trie (connaissance des param\u00e8tres li\u00e9s \u00e0 la couleur). -Correction de l&rsquo;exposition d&rsquo;une photo (avec subtilit\u00e9 autrement que les [&hellip;]","og_url":"https:\/\/www.photo-learn.com\/index.php\/stage-de-retouche-photo-a-paris\/","og_site_name":"Cours photo \u00e0 Paris","article_modified_time":"2022-11-24T19:07:09+00:00","og_image":[{"width":861,"height":676,"url":"https:\/\/www.photo-learn.com\/wp-content\/uploads\/2022\/11\/cours-retouche-photo-visio.jpg","type":"image\/jpeg"}],"twitter_card":"summary_large_image","twitter_misc":{"Dur\u00e9e de lecture estim\u00e9e":"1 minute"},"schema":{"@context":"https:\/\/schema.org","@graph":[{"@type":"WebPage","@id":"https:\/\/www.photo-learn.com\/index.php\/stage-de-retouche-photo-a-paris\/","url":"https:\/\/www.photo-learn.com\/index.php\/stage-de-retouche-photo-a-paris\/","name":"Stage de retouche photo \u00e0 Paris - Cours photo \u00e0 Paris","isPartOf":{"@id":"https:\/\/www.photo-learn.com\/#website"},"primaryImageOfPage":{"@id":"https:\/\/www.photo-learn.com\/index.php\/stage-de-retouche-photo-a-paris\/#primaryimage"},"image":{"@id":"https:\/\/www.photo-learn.com\/index.php\/stage-de-retouche-photo-a-paris\/#primaryimage"},"thumbnailUrl":"https:\/\/www.photo-learn.com\/wp-content\/uploads\/2022\/11\/cours-retouche-photo-visio.jpg","datePublished":"2022-11-16T23:08:17+00:00","dateModified":"2022-11-24T19:07:09+00:00","breadcrumb":{"@id":"https:\/\/www.photo-learn.com\/index.php\/stage-de-retouche-photo-a-paris\/#breadcrumb"},"inLanguage":"fr-FR","potentialAction":[{"@type":"ReadAction","target":["https:\/\/www.photo-learn.com\/index.php\/stage-de-retouche-photo-a-paris\/"]}]},{"@type":"ImageObject","inLanguage":"fr-FR","@id":"https:\/\/www.photo-learn.com\/index.php\/stage-de-retouche-photo-a-paris\/#primaryimage","url":"https:\/\/www.photo-learn.com\/wp-content\/uploads\/2022\/11\/cours-retouche-photo-visio.jpg","contentUrl":"https:\/\/www.photo-learn.com\/wp-content\/uploads\/2022\/11\/cours-retouche-photo-visio.jpg","width":861,"height":676},{"@type":"BreadcrumbList","@id":"https:\/\/www.photo-learn.com\/index.php\/stage-de-retouche-photo-a-paris\/#breadcrumb","itemListElement":[{"@type":"ListItem","position":1,"name":"Accueil","item":"https:\/\/www.photo-learn.com\/"},{"@type":"ListItem","position":2,"name":"Stage de retouche photo \u00e0 Paris"}]},{"@type":"WebSite","@id":"https:\/\/www.photo-learn.com\/#website","url":"https:\/\/www.photo-learn.com\/","name":"Cours photo \u00e0 Paris","description":"apprentissage de la photo - ateliers pratiques \u00e0 Paris, en studio et en visio","potentialAction":[{"@type":"SearchAction","target":{"@type":"EntryPoint","urlTemplate":"https:\/\/www.photo-learn.com\/?s={search_term_string}"},"query-input":{"@type":"PropertyValueSpecification","valueRequired":true,"valueName":"search_term_string"}}],"inLanguage":"fr-FR"}]}},"_links":{"self":[{"href":"https:\/\/www.photo-learn.com\/index.php\/wp-json\/wp\/v2\/pages\/425","targetHints":{"allow":["GET"]}}],"collection":[{"href":"https:\/\/www.photo-learn.com\/index.php\/wp-json\/wp\/v2\/pages"}],"about":[{"href":"https:\/\/www.photo-learn.com\/index.php\/wp-json\/wp\/v2\/types\/page"}],"author":[{"embeddable":true,"href":"https:\/\/www.photo-learn.com\/index.php\/wp-json\/wp\/v2\/users\/1"}],"replies":[{"embeddable":true,"href":"https:\/\/www.photo-learn.com\/index.php\/wp-json\/wp\/v2\/comments?post=425"}],"version-history":[{"count":11,"href":"https:\/\/www.photo-learn.com\/index.php\/wp-json\/wp\/v2\/pages\/425\/revisions"}],"predecessor-version":[{"id":459,"href":"https:\/\/www.photo-learn.com\/index.php\/wp-json\/wp\/v2\/pages\/425\/revisions\/459"}],"wp:attachment":[{"href":"https:\/\/www.photo-learn.com\/index.php\/wp-json\/wp\/v2\/media?parent=425"}],"curies":[{"name":"wp","href":"https:\/\/api.w.org\/{rel}","templated":true}]}}