{"id":247,"date":"2022-08-26T12:58:27","date_gmt":"2022-08-26T10:58:27","guid":{"rendered":"https:\/\/www.photo-learn.com\/?post_type=product&#038;p=247"},"modified":"2022-11-19T15:49:15","modified_gmt":"2022-11-19T14:49:15","slug":"cours-de-photographie-debutant-a-paris","status":"publish","type":"product","link":"https:\/\/www.photo-learn.com\/index.php\/produit\/cours-de-photographie-debutant-a-paris\/","title":{"rendered":"Cours de photographie d\u00e9butant \u00e0 Paris 26-11-22"},"content":{"rendered":"<p>Au beau milieu d&rsquo;un cadre exceptionnel, dans l&rsquo;enceinte du Petit Palais \u00e0 Paris, vous <strong>apprendrez<\/strong> les bases et la <strong>photographie<\/strong> gr\u00e2ce \u00e0 un enseignement th\u00e9orique (de 15 \u00e0 20 minutes) compl\u00e9t\u00e9 par un ensemble d&rsquo;ateliers pratique.<\/p>\n<p>Vous serez accompagn\u00e9 et coach\u00e9 par un professeur issu et dipl\u00f4m\u00e9 de l&rsquo;\u00e9cole de <strong>photographie<\/strong> du Lyc\u00e9e Etienne Jules Marey (Boulogne-Billancourt).<\/p>\n<p>Ce <strong>cours<\/strong> vous permettra de <strong>r\u00e9ussir vos photos<\/strong> en int\u00e9rieur, dans de faibles conditions lumineuses. Pour y parvenir nous parcourrons les diff\u00e9rents modes de votre appareil <strong>photo<\/strong> afin de comprendre son fonctionnement et ainsi r\u00e9ussir vos photos selon le rendu que vous souhaitez obtenir. Il sera principalement question de la notion d&rsquo;exposition \u00e0 la lumi\u00e8re et \u00e0 la ma\u00eetrise des r\u00e9glages qui s&rsquo;y rapportent.<\/p>\n<p>Profitez d&rsquo;un cadre exceptionnel offert par le Petit Palais pour prendre part \u00e0 diff\u00e9rent ateliers vous permettant d&rsquo;apprendre \u00e0 utiliser votre appareil selon les diff\u00e9rents modes qu&rsquo;il propose. Les bases de la <strong>photographie<\/strong> seront enseign\u00e9es par un professeur qui vous accompagnera et vous coachera selon vos questions.<\/p>\n<p>Afin de pouvoir participer aux ateliers il est recommand\u00e9 d&rsquo;avoir un appareil <strong>photo<\/strong> d\u00e9brayable (avec les modes semi manuel et manuel.<\/p>\n<p>Afin de garantir un cours de qualit\u00e9 l&rsquo;\u00e9v\u00e8nement est limit\u00e9 \u00e0 7 participants.<\/p>\n","protected":false},"excerpt":{"rendered":"<p>Objectif du <strong>cours<\/strong>: comprendre le fonctionnement et les diff\u00e9rents modes de votre appareil <strong>photo<\/strong> afin de pouvoir r\u00e9ussir vos <strong>photos<\/strong> dans de faibles conditions lumineuses et sans flash.<\/p>\n<p>Lieu du <strong>cours<\/strong>: Petit Palais (<span class=\"LrzXr\">Avenue Winston Churchill, 75008 Paris<\/span>)<\/p>\n<p>date: 26 novembre 2022<\/p>\n<p>D\u00e9but du cours: 16h30<\/p>\n<p>RDV 10 minutes avant le d\u00e9but du <strong>cours<\/strong> sur les marches du Petit Palais (nous entrons dans les lieux \u00e0 16h30)<\/p>\n<p>Pour plus d&rsquo;infos contactez le 06 16 96 63 47<\/p>\n","protected":false},"featured_media":248,"comment_status":"open","ping_status":"closed","template":"","meta":{"ocean_post_layout":"","ocean_both_sidebars_style":"","ocean_both_sidebars_content_width":0,"ocean_both_sidebars_sidebars_width":0,"ocean_sidebar":"0","ocean_second_sidebar":"0","ocean_disable_margins":"enable","ocean_add_body_class":"","ocean_shortcode_before_top_bar":"","ocean_shortcode_after_top_bar":"","ocean_shortcode_before_header":"","ocean_shortcode_after_header":"","ocean_has_shortcode":"","ocean_shortcode_after_title":"","ocean_shortcode_before_footer_widgets":"","ocean_shortcode_after_footer_widgets":"","ocean_shortcode_before_footer_bottom":"","ocean_shortcode_after_footer_bottom":"","ocean_display_top_bar":"default","ocean_display_header":"default","ocean_header_style":"","ocean_center_header_left_menu":"0","ocean_custom_header_template":"0","ocean_custom_logo":0,"ocean_custom_retina_logo":0,"ocean_custom_logo_max_width":0,"ocean_custom_logo_tablet_max_width":0,"ocean_custom_logo_mobile_max_width":0,"ocean_custom_logo_max_height":0,"ocean_custom_logo_tablet_max_height":0,"ocean_custom_logo_mobile_max_height":0,"ocean_header_custom_menu":"0","ocean_menu_typo_font_family":"0","ocean_menu_typo_font_subset":"","ocean_menu_typo_font_size":0,"ocean_menu_typo_font_size_tablet":0,"ocean_menu_typo_font_size_mobile":0,"ocean_menu_typo_font_size_unit":"px","ocean_menu_typo_font_weight":"","ocean_menu_typo_font_weight_tablet":"","ocean_menu_typo_font_weight_mobile":"","ocean_menu_typo_transform":"","ocean_menu_typo_transform_tablet":"","ocean_menu_typo_transform_mobile":"","ocean_menu_typo_line_height":0,"ocean_menu_typo_line_height_tablet":0,"ocean_menu_typo_line_height_mobile":0,"ocean_menu_typo_line_height_unit":"","ocean_menu_typo_spacing":0,"ocean_menu_typo_spacing_tablet":0,"ocean_menu_typo_spacing_mobile":0,"ocean_menu_typo_spacing_unit":"","ocean_menu_link_color":"","ocean_menu_link_color_hover":"","ocean_menu_link_color_active":"","ocean_menu_link_background":"","ocean_menu_link_hover_background":"","ocean_menu_link_active_background":"","ocean_menu_social_links_bg":"","ocean_menu_social_hover_links_bg":"","ocean_menu_social_links_color":"","ocean_menu_social_hover_links_color":"","ocean_disable_title":"default","ocean_disable_heading":"default","ocean_post_title":"","ocean_post_subheading":"","ocean_post_title_style":"","ocean_post_title_background_color":"","ocean_post_title_background":0,"ocean_post_title_bg_image_position":"","ocean_post_title_bg_image_attachment":"","ocean_post_title_bg_image_repeat":"","ocean_post_title_bg_image_size":"","ocean_post_title_height":0,"ocean_post_title_bg_overlay":0.5,"ocean_post_title_bg_overlay_color":"","ocean_disable_breadcrumbs":"default","ocean_breadcrumbs_color":"","ocean_breadcrumbs_separator_color":"","ocean_breadcrumbs_links_color":"","ocean_breadcrumbs_links_hover_color":"","ocean_display_footer_widgets":"default","ocean_display_footer_bottom":"default","ocean_custom_footer_template":"0"},"product_brand":[],"product_cat":[21],"product_tag":[],"class_list":{"0":"post-247","1":"product","2":"type-product","3":"status-publish","4":"has-post-thumbnail","6":"product_cat-cour-photo-paris-debutant","8":"entry","9":"has-media","11":"first","12":"instock","13":"shipping-taxable","14":"purchasable","15":"product-type-simple","16":"has-product-nav","17":"col","18":"span_1_of_3","19":"owp-content-center","20":"owp-thumbs-layout-horizontal","21":"owp-btn-normal","22":"owp-tabs-layout-horizontal"},"aioseo_notices":[],"yoast_head":"<!-- This site is optimized with the Yoast SEO plugin v27.3 - https:\/\/yoast.com\/product\/yoast-seo-wordpress\/ -->\n<title>Cours de photographie d\u00e9butant \u00e0 Paris 26-11-22 - Cours photo \u00e0 Paris<\/title>\n<meta name=\"description\" content=\"Objectif du cours: comprendre le fonctionnement et les diff\u00e9rents modes de votre appareil photo afin de pouvoir r\u00e9ussir vos photos dans de faibles conditions lumineuses et sans flash.\r\n\r\nLieu du cours: Petit Palais (Avenue Winston Churchill, 75008 Paris)\r\n\r\ndate: 26 novembre 2022\r\n\r\nD\u00e9but du cours: 16h30\r\n\r\nRDV 10 minutes avant le d\u00e9but du cours sur les marches du Petit Palais (nous entrons dans les lieux \u00e0 16h30)\r\n\r\nPour plus d&#039;infos contactez le 06 16 96 63 47\" \/>\n<meta name=\"robots\" content=\"index, follow, max-snippet:-1, max-image-preview:large, max-video-preview:-1\" \/>\n<link rel=\"canonical\" href=\"https:\/\/www.photo-learn.com\/index.php\/produit\/cours-de-photographie-debutant-a-paris\/\" \/>\n<meta property=\"og:locale\" content=\"fr_FR\" \/>\n<meta property=\"og:type\" content=\"article\" \/>\n<meta property=\"og:title\" content=\"Cours de photographie d\u00e9butant \u00e0 Paris 26-11-22 - Cours photo \u00e0 Paris\" \/>\n<meta property=\"og:description\" content=\"Objectif du cours: comprendre le fonctionnement et les diff\u00e9rents modes de votre appareil photo afin de pouvoir r\u00e9ussir vos photos dans de faibles conditions lumineuses et sans flash.  Lieu du cours: Petit Palais (Avenue Winston Churchill, 75008 Paris)  date: 26 novembre 2022  D\u00e9but du cours: 16h30  RDV 10 minutes avant le d\u00e9but du cours sur les marches du Petit Palais (nous entrons dans les lieux \u00e0 16h30)  Pour plus d&#039;infos contactez le 06 16 96 63 47\" \/>\n<meta property=\"og:url\" content=\"https:\/\/www.photo-learn.com\/index.php\/produit\/cours-de-photographie-debutant-a-paris\/\" \/>\n<meta property=\"og:site_name\" content=\"Cours photo \u00e0 Paris\" \/>\n<meta property=\"article:modified_time\" content=\"2022-11-19T14:49:15+00:00\" \/>\n<meta property=\"og:image\" content=\"https:\/\/www.photo-learn.com\/wp-content\/uploads\/2022\/08\/cours-photo-Paris.jpg\" \/>\n\t<meta property=\"og:image:width\" content=\"820\" \/>\n\t<meta property=\"og:image:height\" content=\"829\" \/>\n\t<meta property=\"og:image:type\" content=\"image\/jpeg\" \/>\n<meta name=\"twitter:card\" content=\"summary_large_image\" \/>\n<meta name=\"twitter:label1\" content=\"Dur\u00e9e de lecture estim\u00e9e\" \/>\n\t<meta name=\"twitter:data1\" content=\"1 minute\" \/>\n<script type=\"application\/ld+json\" class=\"yoast-schema-graph\">{\"@context\":\"https:\\\/\\\/schema.org\",\"@graph\":[{\"@type\":\"WebPage\",\"@id\":\"https:\\\/\\\/www.photo-learn.com\\\/index.php\\\/produit\\\/cours-de-photographie-debutant-a-paris\\\/\",\"url\":\"https:\\\/\\\/www.photo-learn.com\\\/index.php\\\/produit\\\/cours-de-photographie-debutant-a-paris\\\/\",\"name\":\"Cours de photographie d\u00e9butant \u00e0 Paris 26-11-22 - Cours photo \u00e0 Paris\",\"isPartOf\":{\"@id\":\"https:\\\/\\\/www.photo-learn.com\\\/#website\"},\"primaryImageOfPage\":{\"@id\":\"https:\\\/\\\/www.photo-learn.com\\\/index.php\\\/produit\\\/cours-de-photographie-debutant-a-paris\\\/#primaryimage\"},\"image\":{\"@id\":\"https:\\\/\\\/www.photo-learn.com\\\/index.php\\\/produit\\\/cours-de-photographie-debutant-a-paris\\\/#primaryimage\"},\"thumbnailUrl\":\"https:\\\/\\\/www.photo-learn.com\\\/wp-content\\\/uploads\\\/2022\\\/08\\\/cours-photo-Paris.jpg\",\"datePublished\":\"2022-08-26T10:58:27+00:00\",\"dateModified\":\"2022-11-19T14:49:15+00:00\",\"breadcrumb\":{\"@id\":\"https:\\\/\\\/www.photo-learn.com\\\/index.php\\\/produit\\\/cours-de-photographie-debutant-a-paris\\\/#breadcrumb\"},\"inLanguage\":\"fr-FR\",\"potentialAction\":[{\"@type\":\"ReadAction\",\"target\":[\"https:\\\/\\\/www.photo-learn.com\\\/index.php\\\/produit\\\/cours-de-photographie-debutant-a-paris\\\/\"]}]},{\"@type\":\"ImageObject\",\"inLanguage\":\"fr-FR\",\"@id\":\"https:\\\/\\\/www.photo-learn.com\\\/index.php\\\/produit\\\/cours-de-photographie-debutant-a-paris\\\/#primaryimage\",\"url\":\"https:\\\/\\\/www.photo-learn.com\\\/wp-content\\\/uploads\\\/2022\\\/08\\\/cours-photo-Paris.jpg\",\"contentUrl\":\"https:\\\/\\\/www.photo-learn.com\\\/wp-content\\\/uploads\\\/2022\\\/08\\\/cours-photo-Paris.jpg\",\"width\":820,\"height\":829},{\"@type\":\"BreadcrumbList\",\"@id\":\"https:\\\/\\\/www.photo-learn.com\\\/index.php\\\/produit\\\/cours-de-photographie-debutant-a-paris\\\/#breadcrumb\",\"itemListElement\":[{\"@type\":\"ListItem\",\"position\":1,\"name\":\"Accueil\",\"item\":\"https:\\\/\\\/www.photo-learn.com\\\/\"},{\"@type\":\"ListItem\",\"position\":2,\"name\":\"Cours de photographie\",\"item\":\"https:\\\/\\\/www.photo-learn.com\\\/index.php\\\/apprendre-la-photo-en-visio\\\/\"},{\"@type\":\"ListItem\",\"position\":3,\"name\":\"Cours de photographie d\u00e9butant \u00e0 Paris 26-11-22\"}]},{\"@type\":\"WebSite\",\"@id\":\"https:\\\/\\\/www.photo-learn.com\\\/#website\",\"url\":\"https:\\\/\\\/www.photo-learn.com\\\/\",\"name\":\"Cours photo \u00e0 Paris\",\"description\":\"apprentissage de la photo - ateliers pratiques \u00e0 Paris, en studio et en visio\",\"potentialAction\":[{\"@type\":\"SearchAction\",\"target\":{\"@type\":\"EntryPoint\",\"urlTemplate\":\"https:\\\/\\\/www.photo-learn.com\\\/?s={search_term_string}\"},\"query-input\":{\"@type\":\"PropertyValueSpecification\",\"valueRequired\":true,\"valueName\":\"search_term_string\"}}],\"inLanguage\":\"fr-FR\"}]}<\/script>\n<!-- \/ Yoast SEO plugin. -->","yoast_head_json":{"title":"Cours de photographie d\u00e9butant \u00e0 Paris 26-11-22 - Cours photo \u00e0 Paris","description":"Objectif du cours: comprendre le fonctionnement et les diff\u00e9rents modes de votre appareil photo afin de pouvoir r\u00e9ussir vos photos dans de faibles conditions lumineuses et sans flash.\r\n\r\nLieu du cours: Petit Palais (Avenue Winston Churchill, 75008 Paris)\r\n\r\ndate: 26 novembre 2022\r\n\r\nD\u00e9but du cours: 16h30\r\n\r\nRDV 10 minutes avant le d\u00e9but du cours sur les marches du Petit Palais (nous entrons dans les lieux \u00e0 16h30)\r\n\r\nPour plus d'infos contactez le 06 16 96 63 47","robots":{"index":"index","follow":"follow","max-snippet":"max-snippet:-1","max-image-preview":"max-image-preview:large","max-video-preview":"max-video-preview:-1"},"canonical":"https:\/\/www.photo-learn.com\/index.php\/produit\/cours-de-photographie-debutant-a-paris\/","og_locale":"fr_FR","og_type":"article","og_title":"Cours de photographie d\u00e9butant \u00e0 Paris 26-11-22 - Cours photo \u00e0 Paris","og_description":"Objectif du cours: comprendre le fonctionnement et les diff\u00e9rents modes de votre appareil photo afin de pouvoir r\u00e9ussir vos photos dans de faibles conditions lumineuses et sans flash.  Lieu du cours: Petit Palais (Avenue Winston Churchill, 75008 Paris)  date: 26 novembre 2022  D\u00e9but du cours: 16h30  RDV 10 minutes avant le d\u00e9but du cours sur les marches du Petit Palais (nous entrons dans les lieux \u00e0 16h30)  Pour plus d'infos contactez le 06 16 96 63 47","og_url":"https:\/\/www.photo-learn.com\/index.php\/produit\/cours-de-photographie-debutant-a-paris\/","og_site_name":"Cours photo \u00e0 Paris","article_modified_time":"2022-11-19T14:49:15+00:00","og_image":[{"width":820,"height":829,"url":"https:\/\/www.photo-learn.com\/wp-content\/uploads\/2022\/08\/cours-photo-Paris.jpg","type":"image\/jpeg"}],"twitter_card":"summary_large_image","twitter_misc":{"Dur\u00e9e de lecture estim\u00e9e":"1 minute"},"schema":{"@context":"https:\/\/schema.org","@graph":[{"@type":"WebPage","@id":"https:\/\/www.photo-learn.com\/index.php\/produit\/cours-de-photographie-debutant-a-paris\/","url":"https:\/\/www.photo-learn.com\/index.php\/produit\/cours-de-photographie-debutant-a-paris\/","name":"Cours de photographie d\u00e9butant \u00e0 Paris 26-11-22 - Cours photo \u00e0 Paris","isPartOf":{"@id":"https:\/\/www.photo-learn.com\/#website"},"primaryImageOfPage":{"@id":"https:\/\/www.photo-learn.com\/index.php\/produit\/cours-de-photographie-debutant-a-paris\/#primaryimage"},"image":{"@id":"https:\/\/www.photo-learn.com\/index.php\/produit\/cours-de-photographie-debutant-a-paris\/#primaryimage"},"thumbnailUrl":"https:\/\/www.photo-learn.com\/wp-content\/uploads\/2022\/08\/cours-photo-Paris.jpg","datePublished":"2022-08-26T10:58:27+00:00","dateModified":"2022-11-19T14:49:15+00:00","breadcrumb":{"@id":"https:\/\/www.photo-learn.com\/index.php\/produit\/cours-de-photographie-debutant-a-paris\/#breadcrumb"},"inLanguage":"fr-FR","potentialAction":[{"@type":"ReadAction","target":["https:\/\/www.photo-learn.com\/index.php\/produit\/cours-de-photographie-debutant-a-paris\/"]}]},{"@type":"ImageObject","inLanguage":"fr-FR","@id":"https:\/\/www.photo-learn.com\/index.php\/produit\/cours-de-photographie-debutant-a-paris\/#primaryimage","url":"https:\/\/www.photo-learn.com\/wp-content\/uploads\/2022\/08\/cours-photo-Paris.jpg","contentUrl":"https:\/\/www.photo-learn.com\/wp-content\/uploads\/2022\/08\/cours-photo-Paris.jpg","width":820,"height":829},{"@type":"BreadcrumbList","@id":"https:\/\/www.photo-learn.com\/index.php\/produit\/cours-de-photographie-debutant-a-paris\/#breadcrumb","itemListElement":[{"@type":"ListItem","position":1,"name":"Accueil","item":"https:\/\/www.photo-learn.com\/"},{"@type":"ListItem","position":2,"name":"Cours de photographie","item":"https:\/\/www.photo-learn.com\/index.php\/apprendre-la-photo-en-visio\/"},{"@type":"ListItem","position":3,"name":"Cours de photographie d\u00e9butant \u00e0 Paris 26-11-22"}]},{"@type":"WebSite","@id":"https:\/\/www.photo-learn.com\/#website","url":"https:\/\/www.photo-learn.com\/","name":"Cours photo \u00e0 Paris","description":"apprentissage de la photo - ateliers pratiques \u00e0 Paris, en studio et en visio","potentialAction":[{"@type":"SearchAction","target":{"@type":"EntryPoint","urlTemplate":"https:\/\/www.photo-learn.com\/?s={search_term_string}"},"query-input":{"@type":"PropertyValueSpecification","valueRequired":true,"valueName":"search_term_string"}}],"inLanguage":"fr-FR"}]}},"_links":{"self":[{"href":"https:\/\/www.photo-learn.com\/index.php\/wp-json\/wp\/v2\/product\/247","targetHints":{"allow":["GET"]}}],"collection":[{"href":"https:\/\/www.photo-learn.com\/index.php\/wp-json\/wp\/v2\/product"}],"about":[{"href":"https:\/\/www.photo-learn.com\/index.php\/wp-json\/wp\/v2\/types\/product"}],"replies":[{"embeddable":true,"href":"https:\/\/www.photo-learn.com\/index.php\/wp-json\/wp\/v2\/comments?post=247"}],"wp:featuredmedia":[{"embeddable":true,"href":"https:\/\/www.photo-learn.com\/index.php\/wp-json\/wp\/v2\/media\/248"}],"wp:attachment":[{"href":"https:\/\/www.photo-learn.com\/index.php\/wp-json\/wp\/v2\/media?parent=247"}],"wp:term":[{"taxonomy":"product_brand","embeddable":true,"href":"https:\/\/www.photo-learn.com\/index.php\/wp-json\/wp\/v2\/product_brand?post=247"},{"taxonomy":"product_cat","embeddable":true,"href":"https:\/\/www.photo-learn.com\/index.php\/wp-json\/wp\/v2\/product_cat?post=247"},{"taxonomy":"product_tag","embeddable":true,"href":"https:\/\/www.photo-learn.com\/index.php\/wp-json\/wp\/v2\/product_tag?post=247"}],"curies":[{"name":"wp","href":"https:\/\/api.w.org\/{rel}","templated":true}]}}